75
In base 8, what is -1 - 27340567?
-27340570
In base 15, what is 1a - 28a93c?
-28a922
In base 4, what is 2201131 - 21220020?
-13012223
In base 13, what is -1b6062a - -12?
-1b60618
In base 9, what is 1071 + 310?
1381
In base 2, what is 1100001111010 + 10100101?
1100100011111
In base 12, what is -20 + -16b1aa1?
-16b1b01
In base 2, what is -1111101000010101010000 - 11101?
-1111101000010101101101
In base 6, what is -13421 + -120313?
-134134
In base 2, what is -100100000100111 + 10000110001000?
-10011010011111
In base 10, what is 473374 - -55?
473429
In base 8, what is 2575054 - 322?
2574532
In base 15, what is -2 - 1120517?
-1120519
In base 2, what is -100 + 110010110101000000111011001?
110010110101000000111010101
In base 7, what is -164 + -600444?
-600641
In base 13, what is -125 + 267a5?
26680
In base 3, what is -2001200111220 - -1?
-2001200111212
In base 9, what is 243 - 3230245?
-3230002
In base 8, what is -33 - 267572?
-267625
In base 10, what is 1088 - -21144?
22232
In base 2, what is -110011010010 - 10000110111010000?
-10001101010100010
In base 15, what is 719038 + -49?
718ede
In base 13, what is 3049082 - 4?
304907b
In base 8, what is 6020112 + -556?
6017334
In base 11, what is -171714866 - 0?
-171714866
In base 9, what is -8151536 - -7?
-8151528
In base 6, what is -141252 + -40521?
-222213
In base 2, what is -1101111 + 10110110100011?
10110100110100
In base 9, what is -188 + -43202?
-43401
In base 13, what is 21b - -7a3?
9c1
In base 13, what is 24674 - -2b?
246a2
In base 5, what is 1330044 + 134?
1330233
In base 14, what is 1c9b - -d6?
1d93
In base 3, what is -22012100 - 2111120?
-101200220
In base 13, what is 28028 + -10?
28018
In base 11, what is 1354164 + 63?
1354217
In base 10, what is 211057 - 8?
211049
In base 12, what is -9032b02 - -2?
-9032b00
In base 14, what is 2 + -1753638?
-1753636
In base 7, what is -22343434 - -160?
-22343244
In base 7, what is -36335114032 + -1?
-36335114033
In base 4, what is -203323122 - -221?
-203322301
In base 7, what is 4250450 + -252?
4250165
In base 5, what is -11230 - 13113433?
-13130213
In base 15, what is -11 + -6b7c92?
-6b7ca3
In base 4, what is 311333 - -133033?
1111032
In base 6, what is 12152204335 - -5?
12152204344
In base 14, what is -168dc + 32ba?
-13622
In base 5, what is 0 - 2103220433?
-2103220433
In base 7, what is -35524655 - -12?
-35524643
In base 13, what is 1 + 674131?
674132
In base 13, what is -bab5 + -498?
-c280
In base 12, what is -9 + -5928b?
-59298
In base 8, what is 6 + 144224325?
144224333
In base 15, what is -24 + 1b8855?
1b8831
In base 9, what is -1206 - 16404?
-17611
In base 8, what is 1153327 - 307?
1153020
In base 14, what is 119878c - -7?
1198795
In base 11, what is a73 + 1866?
2829
In base 15, what is 0 + -469b9d4?
-469b9d4
In base 8, what is 241412 + -51?
241341
In base 5, what is 41400 - -43141?
140041
In base 6, what is 45514554 + 35?
45515033
In base 13, what is 33c0aa - 11?
33c099
In base 10, what is 1984631 + -8?
1984623
In base 8, what is 22107406 + 4?
22107412
In base 6, what is -1543433122 - 3?
-1543433125
In base 7, what is -1 - 46154020?
-46154021
In base 5, what is -211344311342 + 0?
-211344311342
In base 3, what is -2210220202 + -120001?
-2211110210
In base 15, what is -13ae6 + 279?
-1386c
In base 8, what is -16330154 + 2?
-16330152
In base 8, what is 4 - -56341033?
56341037
In base 7, what is 2564403246 - -3?
2564403252
In base 6, what is 115442 + 3125?
123011
In base 3, what is -11222 - -100211200120?
100211111121
In base 10, what is -347 + -546900?
-547247
In base 9, what is 315 - 4551008?
-4550583
In base 16, what is f - b16de?
-b16cf
In base 3, what is 21212010101 - -2100?
21212012201
In base 4, what is -11333302110 - -10?
-11333302100
In base 15, what is e958 - -443?
ed9b
In base 5, what is 210303403 - 40?
210303313
In base 14, what is -4db1a2 - 3?
-4db1a5
In base 15, what is 19 + e13887?
e138a1
In base 12, what is -246 + 27959?
27713
In base 12, what is -63 + a006?
9b63
In base 13, what is 1 + -14b7685?
-14b7684
In base 9, what is -244 - 2412158?
-2412413
In base 12, what is 8a - -2a478a?
2a4858
In base 8, what is 25671 - 20113?
5556
In base 6, what is 3405 + 12113?
15522
In base 11, what is 184 - -62518a?
625363
In base 10, what is -4 - 35151291?
-35151295
In base 14, what is 282 - -d104?
d386
In base 2, what is -1011101000010100001111 - -1?
-1011101000010100001110
In base 15, what is -1128d2d + 8?
-1128d25
In base 2, what is -111011011 + 1001100011111001?
1001011100011110
In base 11, what is -451a - -3321?
-11a9
In base 9, what is -14 + 1043333?
1043318
In base 2, what is 101011000100001 - -10001100111111?
111100101100000
In base 8, what is 110251 + 205?
110456
In base 7, what is -52 + 6550243?
6550161
In base 5, what is -100143404210 + 11?
-100143404144
In base 15, what is -62c80 - 237?
-62eb7
In base 8, what is 20202 + -2410?
15572
In base 7, what is 121 - -35154?
35305
In base 5, what is -233 + 100140002?
100134214
In base 12, what is -3 - -1155405?
1155402
In base 16, what is f + -b0d92?
-b0d83
In base 2, what is 1101110010001000011 + -111001111?
1101110001001110100
In base 11, what is -20a0732 + -7?
-20a0739
In base 15, what is cc5a60 + -4?
cc5a5b
In base 9, what is -10 - 54760?
-54770
In base 5, what is -1104 + 3330411?
3324302
In base 4, what is -1300233333 + 11021?
-1300222312
In base 16, what is -b25 - -1ba?
-96b
In base 13, what is 2 + 73bb098?
73bb09a
In base 9, what is 127026 + -207?
126718
In base 2, what is -1101 + 1000010101000101000001?
1000010101000100110100
In base 13, what is -1658 + -6a5a?
-83b5
In base 10, what is 154695 - -3?
154698
In base 11, what is -34 + -25114?
-25148
In base 16, what is -8 - 2c0fe?
-2c106
In base 10, what is -10 - 24679537?
-24679547
In base 6, what is 221021243231 + 3?
221021243234
In base 3, what is -1020212110111 - 1022?
-1020212111210
In base 5, what is 2304141314 + 3?
2304141322
In base 13, what is -25995 - -1b?
-25977
In base 8, what is 4 + 6423140?
6423144
In base 15, what is 1beb8785 - -4?
1beb8789
In base 8, what is 154727030 - -11?
154727041
In base 6, what is -1344 + 220524?
215140
In base 6, what is -303055042 - 230?
-303055312
In base 6, what is 41311352 - -4?
41311400
In base 9, what is -32054 - -80028?
46864
In base 3, what is 111 - 102111212010022?
-102111212002211
In base 15, what is -1cc699 - 9?
-1cc6a3
In base 14, what is 42b94074 + 4?
42b94078
In base 16, what is -4fb3 + f79?
-403a
In base 14, what is 2d - -17656c0?
176570d
In base 7, what is -30642 + -11135?
-42110
In base 8, what is 3076344500 - -4?
3076344504
In base 13, what is -124 - 28784?
-288a8
In base 14, what is -21816d9 - -3?
-21816d6
In base 16, what is 44b8b7 + -5?
44b8b2
In base 2, what is -100 - 111110100010110001010?
-111110100010110001110
In base 14, what is -263 - -c91?
a2c
In base 15, what is 5d60e6 - 2d?
5d60b8
In base 9, what is -344710503 + 1?
-344710502
In base 8, what is 0 + -4027351?
-4027351
In base 9, what is 403 - 167347?
-166844
In base 14, what is bdb2 + -27a?
bb36
In base 12, what is 35 + -114744?
-11470b
In base 5, what is 13314013101 + -30?
13314013021
In base 12, what is -2231419 + 1?
-2231418
In base 3, what is -10000220022012 - -1102?
-10000220020210
In base 9, what is -453205 - -35?
-453160
In base 12, what is 2b9591 - -1?
2b9592
In base 8, what is -2637 - -1604?
-1033
In base 3, what is -1011212002 - -111?
-1011211121
In base 16, what is a + -3445d9?
-3445cf
In base 12, what is -4030633 - -12?
-4030621
In base 7, what is -34155600 + -152?
-34156052
In base 6, what is -23 - -32353411?
32353344
In base 11, what is -4 + -393a4065?
-393a4069
In base 3, what is -2021121002100 + -111?
-2021121002211
In base 10, what is -5245 - -8588?
3343
In base 10, what is -415 - -4995?
4580
In base 2, what is -100 + -11110011100111110111110?
-11110011100111111000010
In base 11, what is -464 - 126577?
-126a30
In base 6, what is 2412504301 + -2?
2412504255
In base 2, what is 10101100 + -1010101001101000110011?
-1010101001100110000111
In base 16, what is -7cf33f - e?
-7cf34d
In base 7, what is -4463 - -1045361?
1040565
In base 16, what is -cd313 - -14?
-cd2ff
In base 5, what is 2 + 12330100343?
12330100400
In base 12, what is -31 + -256091?
-256102
In base 6, what is 10225435142 - 3?
10225435135
In base 3, what